e prime factors of 494.
2, 13, 19
List the prime factors of 12053.
17, 709
List the prime factors of 2713.
2713
List the prime factors of 545.
5, 109
What are the prime factors of 5899?
17, 347
What are the prime factors of 7523?
7523
List the prime factors of 15504.
2, 3, 17, 19
List the prime factors of 4368.
2, 3, 7, 13
What are the prime factors of 2668?
2, 23, 29
What are the prime factors of 8915?
5, 1783
List the prime factors of 80488.
2, 10061
List the prime factors of 109699.
163, 673
List the prime factors of 3608.
2, 11, 41
What are the prime factors of 591?
3, 197
What are the prime factors of 13344?
2, 3, 139
List the prime factors of 71125.
5, 569
What are the prime factors of 28213?
89, 317
What are the prime factors of 9821?
7, 23, 61
What are the prime factors of 31837?
13, 31, 79
What are the prime factors of 8295?
3, 5, 7, 79
List the prime factors of 2624.
2, 41
List the prime factors of 2175.
3, 5, 29
What are the prime factors of 2899?
13, 223
List the prime factors of 9297.
3, 1033
List the prime factors of 1775.
5, 71
What are the prime factors of 3260?
2, 5, 163
What are the prime factors of 1117?
1117
List the prime factors of 3670.
2, 5, 367
What are the prime factors of 10720?
2, 5, 67
List the prime factors of 1789.
1789
What are the prime factors of 2367?
3, 263
What are the prime factors of 1637?
1637
What are the prime factors of 44?
2, 11
What are the prime factors of 1438?
2, 719
What are the prime factors of 1488?
2, 3, 31
List the prime factors of 4282.
2, 2141
List the prime factors of 907.
907
List the prime factors of 1127.
7, 23
List the prime factors of 6988.
2, 1747
What are the prime factors of 2905?
5, 7, 83
List the prime factors of 297.
3, 11
List the prime factors of 5559.
3, 17, 109
List the prime factors of 9431.
9431
What are the prime factors of 129425?
5, 31, 167
List the prime factors of 20749.
20749
List the prime factors of 28779.
3, 53, 181
List the prime factors of 5098.
2, 2549
List the prime factors of 12580.
2, 5, 17, 37
List the prime factors of 11890.
2, 5, 29, 41
List the prime factors of 706.
2, 353
List the prime factors of 3624.
2, 3, 151
List the prime factors of 2444.
2, 13, 47
List the prime factors of 14156.
2, 3539
What are the prime factors of 1514?
2, 757
List the prime factors of 615.
3, 5, 41
List the prime factors of 189.
3, 7
What are the prime factors of 47948?
2, 11987
List the prime factors of 1076.
2, 269
List the prime factors of 104.
2, 13
List the prime factors of 1748.
2, 19, 23
What are the prime factors of 74548?
2, 18637
List the prime factors of 5719.
7, 19, 43
List the prime factors of 31999.
11, 2909
What are the prime factors of 539?
7, 11
List the prime factors of 384.
2, 3
What are the prime factors of 164?
2, 41
What are the prime factors of 1159?
19, 61
What are the prime factors of 130874?
2, 65437
What are the prime factors of 715?
5, 11, 13
List the prime factors of 14791.
7, 2113
List the prime factors of 2316.
2, 3, 193
What are the prime factors of 60418?
2, 17, 1777
What are the prime factors of 9196?
2, 11, 19
What are the prime factors of 5044?
2, 13, 97
What are the prime factors of 1005?
3, 5, 67
List the prime factors of 82791.
3, 9199
List the prime factors of 2034.
2, 3, 113
What are the prime factors of 7169?
67, 107
List the prime factors of 1145.
5, 229
List the prime factors of 635.
5, 127
What are the prime factors of 8543?
8543
List the prime factors of 6824.
2, 853
List the prime factors of 1876.
2, 7, 67
What are the prime factors of 17870?
2, 5, 1787
What are the prime factors of 27030?
2, 3, 5, 17, 53
What are the prime factors of 1113?
3, 7, 53
List the prime factors of 2421.
3, 269
What are the prime factors of 3960?
2, 3, 5, 11
What are the prime factors of 16276?
2, 13, 313
List the prime factors of 771.
3, 257
What are the prime factors of 3637?
3637
What are the prime factors of 49520?
2, 5, 619
What are the prime factors of 25747?
25747
What are the prime factors of 1250?
2, 5
List the prime factors of 794.
2, 397
List the prime factors of 5304.
2, 3, 13, 17
What are the prime factors of 16996?
2, 7, 607
What are the prime factors of 1588?
2, 397
What are the prime factors of 35278?
2, 31, 569
List the prime factors of 61936.
2, 7, 79
What are the prime factors of 30469?
30469
List the prime factors of 59874.
2, 3, 17, 587
What are the prime factors of 1145?
5, 229
What are the prime factors of 1166?
2, 11, 53
List the prime factors of 35373.
3, 13, 907
What are the prime factors of 5899?
17, 347
What are the prime factors of 9619?
9619
List the prime factors of 8503.
11, 773
What are the prime factors of 25382?
2, 7, 37
List the prime factors of 13779.
3, 1531
What are the prime factors of 19912?
2, 19, 131
What are the prime factors of 821?
821
What are the prime factors of 982?
2, 491
List the prime factors of 3658.
2, 31, 59
What are the prime factors of 23036?
2, 13, 443
List the prime factors of 804.
2, 3, 67
List the prime factors of 189850.
2, 5, 3797
What are the prime factors of 11475?
3, 5, 17
List the prime factors of 1609.
1609
What are the prime factors of 2261?
7, 17, 19
What are the prime factors of 6696?
2, 3, 31
What are the prime factors of 27196?
2, 13, 523
List the prime factors of 993.
3, 331
List the prime factors of 1409.
1409
What are the prime factors of 1302?
2, 3, 7, 31
What are the prime factors of 15109?
29, 521
List the prime factors of 1211.
7, 173
What are the prime factors of 2537?
43, 59
List the prime factors of 34607.
34607
What are the prime factors of 2205?
3, 5, 7
List the prime factors of 1589.
7, 227
List the prime factors of 7757.
7757
List the prime factors of 673.
673
What are the prime factors of 312?
2, 3, 13
List the prime factors of 1737.
3, 193
List the prime factors of 27355.
5, 5471
What are the prime factors of 14404?
2, 13, 277
What are the prime factors of 38220?
2, 3, 5, 7, 13
List the prime factors of 57536.
2, 29, 31
What are the prime factors of 891?
3, 11
List the prime factors of 157.
157
What are the prime factors of 2850?
2, 3, 5, 19
List the prime factors of 85662.
2, 3, 4759
List the prime factors of 175175.
5, 7, 11, 13
List the prime factors of 126889.
7, 18127
What are the prime factors of 22318?
2, 11159
List the prime factors of 39332.
2, 9833
List the prime factors of 17599.
17599
List the prime factors of 34707.
3, 23, 503
What are the prime factors of 4969?
4969
List the prime factors of 36.
2, 3
List the prime factors of 2801.
2801
What are the prime factors of 5722?
2, 2861
What are the prime factors of 17066?
2, 7, 23, 53
What are the prime factors of 3407?
3407
List the prime factors of 1666.
2, 7, 17
List the prime factors of 673.
673
List the prime factors of 444.
2, 3, 37
List the prime factors of 21053.
37, 569
List the prime factors of 226.
2, 113
What are the prime factors of 17379?
3, 1931
List the prime factors of 15542.
2, 19, 409
What are the prime factors of 123935?
5, 7, 3541
List the prime factors of 1622.
2, 811
List the prime factors of 32664.
2, 3, 1361
List the prime factors of 766.
2, 383
What are the prime factors of 4360?
2, 5, 109
List the prime factors of 806.
2, 13, 31
What are the prime factors of 10689?
3, 7, 509
What are the prime factors of 24288?
2, 3, 11, 23
List the prime factors of 8901.
3, 23, 43
What are the prime factors of 17342?
2, 13, 23, 29
List the prime factors of 3836.
2, 7, 137
What are the prime factors of 22832?
2, 1427
List the prime factors of 36833.
36833
What are the prime factors of 11501?
7, 31, 53
List the prime factors of 8521.
8521
What are the prime factors of 10294?
2, 5147
What are the prime factors of 1569?
3, 523
What are the prime factors of 1216?
2, 19
List the prime factors of 114023.
7, 13, 179
What are the prime factors of 7562?
2, 19, 199
List the prime factors of 3087.
3, 7
What are the prime factors of 6605?
5, 1321
What are the prime factors of 1613?
1613
What are the prime factors of 2797?
2797
What are the prime factors of 9264?
2, 3, 193
What are the prime factors of 11625?
3, 5, 31
List the prime factors of 53832.
2, 3, 2243
What are the prime factors of 10507?
7, 19, 79
What are the prime factors of 43923?
3, 11
What are the prime factors of 514?
2, 257
List the prim